 - -21. Suppose -2 = 5*d + g. Is d*37/(-12)*4 prime?
True
Suppose -o - 3*l = -9 - 27, -2*o + 96 = -2*l. Is 3/o*-2 - (-1207318)/210 prime?
True
Let b = -1621 + 3582. Is b a composite number?
True
Let b be (88 - 24) + 1 + -1 + 3. Let r = b - -136. Is r a prime number?
False
Let j(a) = 3*a - 50. Let h be j(7). Let y = h - -280. Is y a composite number?
False
Let l(f) = -7*f**3 - 13*f - 7. Let k(r) = r**3 - r**2 - r. Let x(c) = 4*k(c) + l(c). Let w be x(-11). Suppose 5*h - w + 219 = 0. Is h prime?
False
Let f = 263 - 96. Let d = 28 + -64. Let b = f + d. Is b composite?
False
Suppose 0 = -2*c + 4*i + 4346, -4*i + 10851 = -c + 6*c. Is c composite?
True
Let q(t) = -1693*t**3 + 6*t**2 + 17*t + 3. Is q(-2) a composite number?
False
Suppose 1075249 = -0*h + 7*h. Is h prime?
True
Let m(k) = -709*k - 39. Is m(-2) composite?
True
Suppose 10*o - 5747 = 3*o. Is o a prime number?
True
Let l(z) = -3*z**3 - 13*z**2 + 27*z + 29. Is l(-18) prime?
False
Let x(d) = 781*d + 39. Let n = -34 - -38. Is x(n) a prime number?
True
Let w(q) be the second derivative of 8*q**3 - 5*q**2/2 + 74*q. Let g(v) = -7*v. Let x be g(-1). Is w(x) prime?
True
Let s(j) = 2*j**2 + 32*j - 29. Let h be s(-17). Suppose -12 = -4*z, h*z = -5*m + 7*m - 1519. Is m prime?
False
Let x(l) = -2680*l - 171. Is x(-2) composite?
False
Is (-105890)/40*(-6 - -2) a composite number?
False
Let o = 2 - 0. Let j(z) = -57*z**3 + 2*z - 5. Let c be j(-2). Suppose -o*u = 4*l - 1075 - c, 4*l - u - 1537 = 0. Is l a prime number?
True
Let j(u) = 23*u**2 + 26*u - 38. Is j(-15) prime?
False
Let z = 1318 - 1327. Let v(j) = j**3 - 7*j**2 - j - 3. Let n be v(6). Is (66 - -1)/(z/n) prime?
False
Let h = 4451 - 1590. Is h a composite number?
False
Suppose 11*h - 105 = 4*h. Suppose -h*p - 24388 = -14*p. Is (2/4)/((-14)/p) a composite number?
True
Let l(c) = 8*c**2 + 2*c + 3. Let n be l(-5). Suppose 5*f - n = 3*k + 3*f, -4*k = -2*f + 254. Is (-2)/(-1) - (k - 4) a composite number?
False
Let w(x) = x**3 - 4*x**2 - 5*x + 3. Let s be w(5). Suppose -s*v = -3756 + 303. Is v composite?
False
Let h = -22734 + 36731. Is h composite?
False
Suppose 0*v + 4388 = 4*v. Let k = v + -654. Is k prime?
True
Let d(z) = -40*z**2 - 5*z - 1. Let p be d(-4). Let o = 166 - p. Is o a composite number?
False
Suppose 21*b - 14*b = 7819. Is b prime?
True
Is 29611/3 + 8/12 a composite number?
False
Let h be (-12)/(-66) + (-6)/33. Suppose -4*d = -h*c + 3*c - 28165, 4*c = -4*d + 28160. Is d a prime number?
False
Suppose 0 = -0*w - 2*w + 8. Is ((-4622)/4 - -1)*(w - 6) a prime number?
True
Let d(y) = -y**3 - 31*y**2 - 27*y - 41. Is d(-32) a prime number?
True
Suppose 0 = -2*f + 4*w + 1896, -5*f + 10*w = 5*w - 4715. Suppose 10*x - 6772 = f. Is x a prime number?
False
Suppose 6*b - 6 = 3*b. Let y(x) = 5*x**2 + b*x**2 - 2*x**2 - 4*x + 5 + 0*x**2. Is y(-6) a composite number?
True
Suppose -10*l + 6*l = -16. Suppose 1808 = l*a - 6572. Is a a composite number?
True
Let g be 70 - 4/8*0/(-2). Let s = 129 - g. Is s prime?
True
Suppose -4*c = -79027 - 162369. Is c composite?
True
Is 4/(-8)*(-59963 + 1) a prime number?
False
Let c(r) = -r**2 - 10*r - 11. Let j be c(-8). Suppose 335 = 6*i - i + 5*y, 0 = -j*i - 4*y + 331. Suppose -6*n + n = u - i, n - 81 = -2*u. Is u a prime number?
False
Let y be 40/(-15)*3/(-2). Suppose 775 - 179 = y*q. Is q a prime number?
True
Suppose -h = 4*y - 33707, -2*y + 5*y - 5*h - 25286 = 0. Let b = y - 4438. Is b a prime number?
True
Let y be 2959*-6*(-3 - 10/(-4)). Suppose -5*g = 2*m - 4*m - y, -g + m + 1773 = 0. Is g composite?
False
Let n(i) = -i**3 + 24*i**2 + 12*i - 7. Let q be n(15). Let p = -1081 + q. Is p a prime number?
True
Suppose -5*j = -1037 - 758. Suppose 11*m - 1176 = 4*m. Let g = j - m. Is g a composite number?
False
Is 712/(-1246) - 2/((-28)/41098) composite?
True
Let b(x) = -3*x**3 + 19*x**2 - 3*x - 2. Let f be b(6). Is (-51)/136 + 534/f a composite number?
True
Is 7065 + (-4 + -12)/(9 - 7) a composite number?
False
Let p = 23987 - 10818. Is p a composite number?
True
Let f(i) = 5334*i - 89. Is f(4) prime?
True
Suppose 18*y + 260109 = 27*y. Is y a prime number?
True
Let k(f) = 3*f - 17. Let u be k(7). Let g(c) = 4*c + u + 9*c + 1 + c. Is g(10) a prime number?
False
Let s(d) = 3*d**2 + 4*d + 8571. Is s(0) prime?
False
Let y be 1*7*(-7)/((-294)/(-612)). Let v = 321 + y. Is v prime?
False
Suppose -6*c + 5*c + 2*x = -13061, 0 = -4*x + 4. Is c a prime number?
True
Let n be 10/((-5)/1) + 4/(-2). Is 749*(n/(2 + 0) + 3) prime?
False
Suppose 4*j = n + 15456 + 4457, 0 = -5*j - 4*n + 24907. Is j a composite number?
True
Suppose 29*w - 105568 = -3*w. Is w a prime number?
True
Suppose 29137 - 3166 = 33*o. Is o prime?
True
Let g(x) = 2251*x**2 - 172*x - 1. Is g(-6) composite?
False
Let n be 1/((-3)/6) + (-13 - -9). Let g(t) = -9*t**3 - 4*t**2 + 9*t - 13. Is g(n) a prime number?
True
Suppose -5*l + 13606 - 92500 = -3*r, -2*r = -3*l - 52595. Suppose 5*p - 3342 - 22978 = -5*i, -5*i = -4*p - r. Is i a prime number?
True
Let b(d) = -d**3 - 25*d**2 - 24*d + 3. Let k be b(-24). Is k*(-3)/18*(-760 - 2) a composite number?
True
Suppose 0 = q - 5*x - 4669, -12866 + 3528 = -2*q - 4*x. Suppose -2*j + q = 5*j. Is j a prime number?
False
Suppose -4*h + 12 + 4 = 0. Suppose 2*n - h*n + 3*k - 63 = 0, 59 = -2*n - k. Is (-590)/n*3/1 composite?
False
Let g(a) = 86*a - 2. Let i be g(-4). Let c = i + 505. Is c a composite number?
True
Let j(a) = 3*a**2 - 29*a + 81. Is j(33) prime?
False
Let t = 6 - 4. Let m be ((-1)/t)/((-4)/232). Suppose 5*f - 3*r = m, f + 4*r = -2*f + 29. Is f a prime number?
True
Let j(r) = -r**3 - 16*r**2 - 16*r + 10. Let o be j(-15). Suppose 0 = -5*t + o, 3*t + 24 = -4*b + 463. Is b a prime number?
False
Suppose 2*m = -2*j - 0*m + 3054, -4613 = -3*j + 5*m. Is j prime?
True
Let k = -4497 - -864. Let i = 7760 + k. Is i a composite number?
False
Let r be ((-8)/(-18))/(124/2790). Suppose -3*a + 11 = -385. Is a/r - (-9)/(-45) a prime number?
True
Suppose -w - 4*z - 5 = 51, -2*z + 62 = -w. Let k = w + 154. Is k prime?
False
Let x be ((-12)/(-9))/2*6. Suppose -5*i = -i + x. Let d(a) = -324*a**3 - 2*a**2 + 1. Is d(i) prime?
False
Suppose -2*t - i = -12, 0*i - 3*i = -t - 8. Suppose t*m + 4*l + 1440 = 7480, -3*m + 4551 = -4*l. Is m a composite number?
True
Suppose 3 = -0*b + b. Suppose 2*d - 2633 = -3*q, 4*q + b*d - 1757 = 2*q. Suppose -5*c + q = 282. Is c prime?
False
Let p be (-2)/4*(-10 - -6 - -4). Suppose p = 2*t - 0*t - 74. Is t composite?
False
Let z(g) = -2 + 11 - 507*g - 5. Is z(-5) composite?
False
Suppose n + 379 + 11 = 0. Let s = 215 + n. Let v = s + 366. Is v a prime number?
True
Let a = 13 - 9. Suppose 5*q + f - 3*f - 6411 = 0, 3*q = -a*f + 3857. Is q a composite number?
False
Let b(q) = 5*q**2 + 2*q - 2. Let s be b(1). Suppose -s*f - 2*n = -563, 3*f + 0*n = -4*n + 349. Is f a composite number?
True
Let b(k) = -k**3 + 14*k**2 + 10*k - 15. Let x be b(14). Suppose -v + 4*q + 67 = 0, x = 4*v - 3*q - 143. Is v a prime number?
True
Suppose 7*q = 2*q. Suppose 3*f + u + 87 = 291, 2*f + 5*u - 123 = q. Is -34*(0 + f/(-6)) composite?
True
Let i(y) = 12*y - 5. Let l(p) = -p**3 + 5*p**2 + 2*p - 4. Let k be l(5). Suppose k*w - 30 = w. Is i(w) composite?
False
Let k = 14024 + -9171. Is k a composite number?
True
Suppose 0 = w + 3*h, 0 = w + w + 3*h. Suppose w = -3*t - 2*k + 645, -k + 1079 = 5*t + k. Is t a composite number?
True
Let p(m) = 5*m - 1. Let w be p(1). Let i be -4 + w - (265 - 2). Is 2 + (-1 - (1 + i)) a prime number?
True
Suppose -6*w + 3853 - 193 = 0. Suppose 5*x - 2*v - 35 = 0, 2*x - 4*v - 45 = -3*x. Suppose -5*a = 4*u - 639, -a = x*u - 194 - w. Is u a prime number?
False
Let n = -150 - -293. Is n composite?
True
Suppose 2*z + 13*d - 28506 = 16*d, -z - 3*d + 14253 = 0. Is z a composite number?
True
Suppose 3*r + 2*r = 0. Suppose r = 3*m, 0 = -3*p - 5*m + 6. Suppose p*w = 4 + 16. Is w a prime number?
False
Let a(h) = -7*h**3 - 9*h**3 - 17*h + 17*h + 1. Let i be a(1). Is 200 + 5/(i/(-9)) a composite number?
True
Suppose -4*v = -57 - 763. Is v prime?
False
Let n(u) = 44*u - 18. Let r be n(-9). Let v be r/(-42) - (-2)/14. Suppose 3*y = 4*m + 13 + v, 4*y + 4*m - 40 = 0. Is y prime?
False
Suppose -5783 = -3*t - 1721. Suppose 5*y - 1911 + 565 = 4*g, 4*g = -5*y + t. Let r = y - 79. Is r prime?
True
Suppose -5 + 1 = -4*r, 13 = 2*c + 5*r.